r of 126 and y.
14
Suppose -b + 1 = -0. Let f(v) = 6*v - 1 + v**2 + b + 4. Let i be f(-6). Calculate the highest common divisor of 28 and i.
4
Let n = -14 + 23. Let y(a) = -a**3 + 9. Let q(f) = -f**2 - f. Let x be q(0). Let b be y(x). Calculate the greatest common divisor of b and n.
9
Suppose 0 = -0*n + 4*n - 5*v - 3, 4*n - 3*v = 5. Suppose 3*a - 2*a - 18 = 5*u, 0 = -a + u + 6. What is the highest common factor of n and a?
1
Let q(d) = 0*d**2 - 11*d + 9 + 0*d**2 - d**2. Let o be q(-11). What is the greatest common factor of 27 and o?
9
Suppose 2*s - 248 = 4*v, 2*s - 6*s = 5*v - 444. Let w be -2 - (-1 - -5 - s). What is the greatest common divisor of w and 44?
22
Suppose 0 = 4*t - 2*m - 38, -4*t + m = 6*m - 31. Suppose -4*i = g - t, -4*g + 2*i + 90 = -18. What is the greatest common divisor of g and 75?
25
Let d(m) = -m**2 - 11*m - 9. Let a be d(-11). Let b = a + 15. Let j = -37 - -52. Calculate the highest common factor of b and j.
3
Let l = 33 + -22. Let p(f) = f - 2. Let x be p(l). Calculate the highest common factor of x and 99.
9
Let x be (3 - 7)/2*-1. Suppose 0 = -s + 5*s + 12, v + x*s = 4. Suppose -160 = -2*q + 4*z, 2*z - 337 = -5*q + 3. Calculate the highest common divisor of q and v.
10
Suppose 4*i - 16 = 0, 2*r - 5*i = -6*i + 20. Calculate the highest common divisor of r and 2.
2
Let t(r) = r**3 - 4*r**2 + 3*r + 5. Let y = -4 - -9. Let u be t(y). Suppose -4*g = g - u. Calculate the greatest common divisor of g and 63.
9
Let m(g) = 24*g**2 + g + 1. Suppose 5*o + 1 = 4*o. Let q be m(o). What is the highest common divisor of q and 12?
12
Let l(w) = 4*w**2 - 7*w - 69. Let v be l(-8). Calculate the greatest common factor of v and 27.
27
Let i be (36/(-27))/(2/(-66)). What is the highest common divisor of i and 4?
4
Let j = 22 - 5. What is the highest common factor of j and 17?
17
Let j be 2/(-8)*2*-4. Suppose 90 = -3*u + 4*u. Suppose 0*a - 5*a = -u. What is the highest common factor of j and a?
2
Suppose 0 = -t + 21 + 33. Let m(l) = 2*l - 10. Let d be m(8). What is the highest common factor of t and d?
6
Let w = -20 + 34. Calculate the highest common divisor of 7 and w.
7
Let i = -536 - -816. Calculate the greatest common factor of i and 10.
10
Suppose -3*k + 2*i + 224 = -54, -98 = -k + 2*i. Let q(f) = 2*f + 6. Let x be q(15). Let m be 264/27 - (-8)/x. What is the greatest common factor of m and k?
10
Suppose 22*x - 380 = 3*x. What is the greatest common factor of 10 and x?
10
Suppose 6*l + 2*v - 2018 = 2*l, -v + 2527 = 5*l. Calculate the highest common divisor of 46 and l.
46
Let b = 2 + 0. Suppose 0*q - 2*q + 2*h - 60 = 0, 3*q + b*h + 90 = 0. Let j be 153/5 + 18/q. Calculate the highest common divisor of j and 75.
15
Suppose 0 = -0*p + 5*p - 460. Let w be (p/(-12))/((-1)/3). Let m = -16 + w. What is the greatest common factor of m and 7?
7
Let u be 9*-3*(-3)/9. Calculate the greatest common divisor of u and 81.
9
Suppose 0 = s - 2 + 26. Let a be 1/(-6) + (-7732)/s. Suppose l + 4*t - 196 = -t, 2*l - 4*t = a. Calculate the highest common divisor of l and 19.
19
Let p = -21 - -47. Suppose -u + p = x, 0 = 2*x - 7*x - 3*u + 124. Suppose -5*j = -x - 12. What is the highest common factor of 63 and j?
7
Let d be (-1 + 16)/(10 + -9). Let c = d - 25. Let n = -8 - c. Calculate the greatest common factor of n and 6.
2
Let u be (-7)/28*(1 + -5). Let o be ((-21)/14)/(u/(-2)). Suppose -o*q + 24 = -2*q. What is the greatest common factor of q and 16?
8
Let b be (2 - -5)*(1 + -2). Let v = 11 + b. Suppose -4*z + 4 = g + 3*g, 3*z + v*g - 2 = 0. Calculate the highest common divisor of z and 3.
1
Let h = -31 - -33. Calculate the greatest common factor of 8 and h.
2
Suppose s + 5*h = 19 + 4, -18 = -2*s + 4*h. Let t be 2/5 - 2139/(-15). Calculate the highest common divisor of t and s.
13
Suppose -3*y + 54 = -0*y. What is the greatest common divisor of 6 and y?
6
Suppose -3*v + 26 = -3*q - 13, 0 = v - 2*q - 14. Let h = 34 - 10. What is the greatest common factor of h and v?
12
Suppose -g = 2*g. Suppose 0 = -g*y + y. Suppose y = -3*m + 7*m - 16. Calculate the highest common divisor of 40 and m.
4
Suppose -23 - 3 = -2*h. Calculate the highest common factor of h and 91.
13
Let q be 1 - 1 - (-453)/3. Let f be (q - -1) + 1 + 0. Calculate the highest common divisor of 17 and f.
17
Suppose -5*l + 9 = 2*h - 6, 0 = 3*h - 2*l - 51. Calculate the highest common divisor of 10 and h.
5
Suppose -3*l - 4*l + 7 = 0. What is the highest common divisor of 1 and l?
1
Let c(p) be the first derivative of 1/4*p**4 + 1/2*p**2 - 3*p + p**3 - 2. Let t be c(3). What is the greatest common factor of 18 and t?
18
Suppose 43*q = 41*q + 28. Let b(x) = -x**2 + 6*x + 2. Let n be b(5). Calculate the highest common divisor of n and q.
7
Suppose -4*y - z = y - 1369, y = -z + 273. Let o = y - 160. Let p = 39 + -20. What is the greatest common factor of o and p?
19
Let q be (-12)/(-2) + 3 + -3. Let k be q/(-1 - -4) + 42. Calculate the greatest common factor of k and 11.
11
Let s = -10 - -28. Calculate the greatest common divisor of s and 6.
6
Let w be (7 - 6)*(4 - -1). Suppose 2 = -2*n - w*y, 2*n + 0*y = -2*y + 10. Calculate the greatest common divisor of 81 and n.
9
Suppose -12*i + 65 = -79. Let y = 42 + -30. Calculate the highest common factor of i and y.
12
Suppose -21 = -4*v - 1. Let w = -110 - -111. What is the highest common divisor of w and v?
1
Let p be (-29)/(-2) + 3/6. What is the highest common factor of 3 and p?
3
Let d(c) = 2*c**2 - 15*c + 8. Let t be d(9). Calculate the greatest common divisor of 21 and t.
7
Suppose n + 5*s + 4 + 4 = 0, -3*s = 6. Let f be ((-8)/n)/((-2)/7). Let b be (-4)/(-14) + 192/f. Calculate the greatest common divisor of 2 and b.
2
Suppose -4*h + 0*h + 360 = 0. Calculate the greatest common factor of 10 and h.
10
Let w = 97 + -42. Let u be (-2 - 1)/(3/8). Let y = 19 + u. Calculate the greatest common divisor of w and y.
11
Suppose -3*j + 260 = 4*g + 60, j + g - 68 = 0. What is the highest common divisor of j and 18?
18
Suppose 3*c - 19 = 2. Suppose 4 = 3*r + 2*z, 3*r + r + z - c = 0. What is the greatest common divisor of 8 and r?
2
Let y(q) = -2*q - 4. Let v be y(-3). Suppose -4*o + 109 = -5*n, -v*n + 1 = 5*o - 127. Let t = -30 - -43. What is the greatest common factor of o and t?
13
Suppose 3*o + 128 = -256. Let x be o/(-6) - 2/6. Calculate the greatest common divisor of 14 and x.
7
Let l = 7 + -11. Let y = 12 + l. What is the greatest common divisor of y and 8?
8
Suppose -4*w - w = 4*b - 2, -3*w + 9 = 5*b. Let s be w + -1*(1 + -8). Calculate the greatest common factor of s and 5.
5
Let v(f) = 1 - 5 - 10*f + 0. Let p be v(-4). Suppose 0*m + 4*a + 6 = 2*m, -2*a - p = -4*m. What is the greatest common factor of m and 55?
11
Let n(c) = c**3 + 0*c**2 + 2 + 12*c**2 - 5*c**2 - 5*c - 2*c**3. Let l be n(6). Suppose -2 = -s + l. Calculate the highest common divisor of 110 and s.
10
Suppose -o + 2*o = 0. Let s(a) = -a**2 + 2*a + 91. Let j be s(o). Calculate the highest common divisor of 13 and j.
13
Let z(f) = f + 25. Let w(d) = d**2 - 6*d + 5. Let h be w(5). Let y be z(h). Let q = 3 + y. Calculate the highest common divisor of q and 7.
7
Let j(i) = -i**3 + 3*i**2 - 2. Let w be j(3). Let m be 182*2/(-8)*w. Calculate the greatest common divisor of 13 and m.
13
Suppose -2*x - 3*x = 50. Let j = 57 + -41. Let h = j + x. Calculate the highest common factor of 18 and h.
6
Suppose -5*m - 5*f = -3*f - 415, 0 = -5*m + 3*f + 390. Calculate the highest common factor of m and 9.
9
Suppose 4*l = 70 + 70. Let s be 1778/l + 1/5. What is the highest common factor of 34 and s?
17
Let c = 6 - -7. Let v = -69 + 129. Suppose 4*t - t = 2*h + 35, 4*h - v = -4*t. Calculate the highest common divisor of c and t.
13
Suppose 0 = -3*k - 11 + 71. Let o = 28 - k. Let y = 47 - 39. What is the highest common divisor of y and o?
8
Let m be (4 + 28/(-10))*15. What is the highest common divisor of m and 162?
18
Suppose -5*o - 118 + 428 = 4*g, 4*g + 3*o = 314. What is the greatest common factor of g and 10?
10
Let r be 567/28 - (-2)/(-8). Calculate the greatest common divisor of 10 and r.
10
Suppose 0 = -5*d - 10, -2*j = -4*d - 17 - 13. Let i be j/(-2)*4/(-2). Let g = -7 + i. What is the greatest common divisor of g and 20?
4
Suppose 5 = x + 4. What is the highest common divisor of x and 7?
1
Let s